{"id":1018,"date":"2020-09-18T14:19:08","date_gmt":"2020-09-18T12:19:08","guid":{"rendered":"http:\/\/rvafc.free.fr\/?page_id=1018"},"modified":"2020-10-31T16:28:19","modified_gmt":"2020-10-31T15:28:19","slug":"accueil","status":"publish","type":"page","link":"http:\/\/rvafc.free.fr\/","title":{"rendered":"Accueil"},"content":{"rendered":"\n<p class=\"has-text-align-center\"><style type=\"text\/css\">div#logo-carousel-free-1175.logo-carousel-free .sp-lc-logo{\n\t\t\t\tborder: 1px solid #dddddd;\n\t\t\t}div#logo-carousel-free-1175.logo-carousel-free .sp-lc-logo:hover{\n\t\t\t\tborder-color: #16a08b;\n\t\t\t}#logo-carousel-free-1175.sp-lc-container .sp-logo-carousel {\n\t\t\t\t\tpadding-bottom: 46px;\n\t\t\t\t}\n\t\t\t\t#logo-carousel-free-1175.sp-lc-container .sp-lc-pagination .swiper-pagination-bullet {\n\t\t\t\t\tbackground-color: #ddd;\n\t\t\t\t}\n\t\t\t\t#logo-carousel-free-1175.sp-lc-container .sp-lc-pagination .swiper-pagination-bullet.swiper-pagination-bullet-active{background-color: #16a08b; }\n\t\t\t\t#logo-carousel-free-1175.sp-lc-container .sp-logo-carousel {\n\t\t\t\t\tpadding-top: 46px;\n\t\t\t\t}\n\t\t\t\t#logo-carousel-free-1175.sp-lc-container .sp-lc-button-prev,\n\t\t\t\t#logo-carousel-free-1175.sp-lc-container .sp-lc-button-next {\n\t\t\t\t\tcolor: #afafaf;\n\t\t\t\t\tbackground: #f0f0f0;\n\t\t\t\t\tborder: 0px solid #afafaf;\n\t\t\t\t\tline-height: 30px;\n\t\t\t\t}\n\t\t\t\t#logo-carousel-free-1175.sp-lc-container .sp-lc-button-prev:hover,\n\t\t\t\t#logo-carousel-free-1175.sp-lc-container .sp-lc-button-next:hover{\n\t\t\t\t\tbackground-color: #16a08b;\n\t\t\t\t\tcolor: #ffffff;\n\t\t\t\t\tborder-color: #16a08b;\n\t\t\t\t}@media only screen and (max-width: 576px) {} .logo-carousel-free-area#logo-carousel-free-1175 .sp-logo-carousel-section-title{\n\t\t\t\t\tmargin-bottom: 30px;\n\t\t\t\t}<\/style><div id='logo-carousel-free-1175' class=\"logo-carousel-free logo-carousel-free-area sp-lc-container\"><h2 class=\"sp-logo-carousel-section-title\"><\/h2><div id=\"sp-logo-carousel-id-1175\" class=\"swiper-container sp-logo-carousel\" dir=\"ltr\" data-carousel='{ \"speed\":450,\"spaceBetween\": 12, \"autoplay\": true, \"infinite\":true, \"autoplay_speed\": 3000, \"stop_onHover\": true, \"pagination\": true, \"navigation\": true, \"MobileNav\": true, \"MobilePagi\": true, \"simulateTouch\": true, \"allowTouchMove\": true, \"slidesPerView\": {\"lg_desktop\": 6, \"desktop\": 5, \"tablet\": 4, \"mobile_landscape\": 3, \"mobile\": 2 } }'><div class=\"swiper-wrapper\"><div class=\"swiper-slide\"><div class=\"sp-lc-logo\"><img src=\"http:\/\/rvafc.free.fr\/wp-content\/uploads\/2020\/07\/Blasonroyancalibriquadri.png\" alt=\"Royan\" width=\"610\" height=\"791\"><\/div><\/div><div class=\"swiper-slide\"><div class=\"sp-lc-logo\"><img src=\"http:\/\/rvafc.free.fr\/wp-content\/uploads\/2020\/07\/Vaux-sur-mer.png\" alt=\"Vaux\" width=\"450\" height=\"450\"><\/div><\/div><div class=\"swiper-slide\"><div class=\"sp-lc-logo\"><img src=\"http:\/\/rvafc.free.fr\/wp-content\/uploads\/2020\/07\/logo-intermarche.jpg\" alt=\"Intermarche\" width=\"250\" height=\"180\"><\/div><\/div><div class=\"swiper-slide\"><div class=\"sp-lc-logo\"><img src=\"http:\/\/rvafc.free.fr\/wp-content\/uploads\/2020\/07\/logo-leclarc.jpg\" alt=\"Leclerc\" width=\"250\" height=\"180\"><\/div><\/div><div class=\"swiper-slide\"><div class=\"sp-lc-logo\"><img src=\"http:\/\/rvafc.free.fr\/wp-content\/uploads\/2020\/07\/logo-toyota.jpg\" alt=\"Toyota\" width=\"250\" height=\"180\"><\/div><\/div><div class=\"swiper-slide\"><div class=\"sp-lc-logo\"><img src=\"http:\/\/rvafc.free.fr\/wp-content\/uploads\/2020\/07\/logo-art-carrelage.jpg\" alt=\"ArtCarrelage\" width=\"250\" height=\"180\"><\/div><\/div><\/div><div class=\"sp-lc-pagination swiper-pagination dots\"><\/div><div class=\"sp-lc-button-next\"><i class=\"fa fa-angle-right\"><\/i><\/div><div class=\"sp-lc-button-prev\"><i class=\"fa fa-angle-left\"><\/i><\/div><\/div><\/div><\/p>\n\n\n\n<div class=\"wp-block-columns\">\n<div class=\"wp-block-column\" style=\"flex-basis:25%\">\n<h4 class=\"has-text-align-center\">Equipe premi\u00e8re<\/h4>\n\n\n<p><script src=\"https:\/\/cdnjs.cloudflare.com\/ajax\/libs\/iframe-resizer\/3.5.5\/iframeResizer.min.js\"><\/script><script>if(!window._rsz){window._rsz=function(){var i=iFrameResize({checkOrigin:false,interval:100});};if(document.readyState!=\"loading\"){_rsz()}else{document.addEventListener(\"DOMContentLoaded\",_rsz)}}<\/script><iframe id=\"5f9ad63a00a5103e14e4a863\" src=\"https:\/\/scorenco.com\/widget\/5f9ad63a00a5103e14e4a863\/?auto_height=true\" style=\"display: block; width: 100%; overflow: auto; margin: auto; border-width: 0px;\" scrolling=\"no\"><\/iframe><a style=\"font-size:11px\" target=\"_blank\" href=\"https:\/\/scorenco.com\/football\/clubs\/royan-vaux-atlantique-fc\/\" rel=\"noopener noreferrer\">Royan Vaux Atlantique FC sur Score&#8217;n&#8217;co<\/a><\/p>\n<\/div>\n\n\n\n<div class=\"wp-block-column\" style=\"flex-basis:50%\"><ul class=\"wp-block-latest-posts wp-block-latest-posts__list\"><li><a href=\"http:\/\/rvafc.free.fr\/index.php\/objectifs-partages-de-la-saison\/\">Objectifs partag\u00e9s de la saison<\/a><div class=\"wp-block-latest-posts__post-excerpt\">Un nouvel entra\u00eeneur et une ambition renouvel\u00e9e.<\/div><\/li>\n<li><a href=\"http:\/\/rvafc.free.fr\/index.php\/lagenda-sportif-du-club\/\">L&#8217;agenda sportif du club<\/a><div class=\"wp-block-latest-posts__post-excerpt\">Saison tronqu\u00e9e mais&nbsp;pleinement r\u00e9ussie&nbsp;pour l\u2019\u00e9cole de foot du RVAFC Les 20 ans de la fusion du club du Royan Vaux Atlantique Club n\u2019auront pas lieu faute de COVID 19. Pourtant elle aurait d\u00fb \u00eatre l\u2019occasion de f\u00eater les accessions de toutes les \u00e9quipes de son \u00e9cole de foot au niveau r\u00e9gional. En effet la saison [&hellip;]<\/div><\/li>\n<\/ul><\/div>\n\n\n\n<div class=\"wp-block-column\" style=\"flex-basis:25%\"><p><script src=\"https:\/\/cdnjs.cloudflare.com\/ajax\/libs\/iframe-resizer\/3.5.5\/iframeResizer.min.js\"><\/script><script>if(!window._rsz){window._rsz=function(){var i=iFrameResize({checkOrigin:false,interval:100});};if(document.readyState!=\"loading\"){_rsz()}else{document.addEventListener(\"DOMContentLoaded\",_rsz)}}<\/script><iframe id=\"5f9adaca6cb2710a1e6e9c35\" src=\"https:\/\/scorenco.com\/widget\/5f9adaca6cb2710a1e6e9c35\/?auto_height=true\" style=\"display: block; width: 100%; overflow: auto; margin: auto; border-width: 0px;\" scrolling=\"no\"><\/iframe><a style=\"font-size:11px\" target=\"_blank\" href=\"https:\/\/scorenco.com\/football\/clubs\/royan-vaux-atlantique-fc\/\" rel=\"noopener noreferrer\">Royan Vaux Atlantique FC sur Score&#8217;n&#8217;co<\/a><\/p>\n<\/div>\n<\/div>\n","protected":false},"excerpt":{"rendered":"<p>Equipe premi\u00e8re<\/p>\n","protected":false},"author":1,"featured_media":0,"parent":0,"menu_order":0,"comment_status":"closed","ping_status":"closed","template":"page-templates\/page_fullwidth.php","meta":[],"_links":{"self":[{"href":"http:\/\/rvafc.free.fr\/index.php\/wp-json\/wp\/v2\/pages\/1018"}],"collection":[{"href":"http:\/\/rvafc.free.fr\/index.php\/wp-json\/wp\/v2\/pages"}],"about":[{"href":"http:\/\/rvafc.free.fr\/index.php\/wp-json\/wp\/v2\/types\/page"}],"author":[{"embeddable":true,"href":"http:\/\/rvafc.free.fr\/index.php\/wp-json\/wp\/v2\/users\/1"}],"replies":[{"embeddable":true,"href":"http:\/\/rvafc.free.fr\/index.php\/wp-json\/wp\/v2\/comments?post=1018"}],"version-history":[{"count":27,"href":"http:\/\/rvafc.free.fr\/index.php\/wp-json\/wp\/v2\/pages\/1018\/revisions"}],"predecessor-version":[{"id":1177,"href":"http:\/\/rvafc.free.fr\/index.php\/wp-json\/wp\/v2\/pages\/1018\/revisions\/1177"}],"wp:attachment":[{"href":"http:\/\/rvafc.free.fr\/index.php\/wp-json\/wp\/v2\/media?parent=1018"}],"curies":[{"name":"wp","href":"https:\/\/api.w.org\/{rel}","templated":true}]}}

<p class="has-text-align-center"><style type="text/css">div#logo-carousel-free-1175.logo-carousel-free .sp-lc-logo{
				border: 1px solid #dddddd;
			}div#logo-carousel-free-1175.logo-carousel-free .sp-lc-logo:hover{
				border-color: #16a08b;
			}#logo-carousel-free-1175.sp-lc-container .sp-logo-carousel {
					padding-bottom: 46px;
				}
				#logo-carousel-free-1175.sp-lc-container .sp-lc-pagination .swiper-pagination-bullet {
					background-color: #ddd;
				}
				#logo-carousel-free-1175.sp-lc-container .sp-lc-pagination .swiper-pagination-bullet.swiper-pagination-bullet-active{background-color: #16a08b; }
				#logo-carousel-free-1175.sp-lc-container .sp-logo-carousel {
					padding-top: 46px;
				}
				#logo-carousel-free-1175.sp-lc-container .sp-lc-button-prev,
				#logo-carousel-free-1175.sp-lc-container .sp-lc-button-next {
					color: #afafaf;
					background: #f0f0f0;
					border: 0px solid #afafaf;
					line-height: 30px;
				}
				#logo-carousel-free-1175.sp-lc-container .sp-lc-button-prev:hover,
				#logo-carousel-free-1175.sp-lc-container .sp-lc-button-next:hover{
					background-color: #16a08b;
					color: #ffffff;
					border-color: #16a08b;
				}@media only screen and (max-width: 576px) {} .logo-carousel-free-area#logo-carousel-free-1175 .sp-logo-carousel-section-title{
					margin-bottom: 30px;
				}</style><div id='logo-carousel-free-1175' class="logo-carousel-free logo-carousel-free-area sp-lc-container"><h2 class="sp-logo-carousel-section-title"></h2><div id="sp-logo-carousel-id-1175" class="swiper-container sp-logo-carousel" dir="ltr" data-carousel='{ "speed":450,"spaceBetween": 12, "autoplay": true, "infinite":true, "autoplay_speed": 3000, "stop_onHover": true, "pagination": true, "navigation": true, "MobileNav": true, "MobilePagi": true, "simulateTouch": true, "allowTouchMove": true, "slidesPerView": {"lg_desktop": 6, "desktop": 5, "tablet": 4, "mobile_landscape": 3, "mobile": 2 } }'><div class="swiper-wrapper"><div class="swiper-slide"><div class="sp-lc-logo"><img src="http://rvafc.free.fr/wp-content/uploads/2020/07/Blasonroyancalibriquadri.png" alt="Royan" width="610" height="791"></div></div><div class="swiper-slide"><div class="sp-lc-logo"><img src="http://rvafc.free.fr/wp-content/uploads/2020/07/Vaux-sur-mer.png" alt="Vaux" width="450" height="450"></div></div><div class="swiper-slide"><div class="sp-lc-logo"><img src="http://rvafc.free.fr/wp-content/uploads/2020/07/logo-intermarche.jpg" alt="Intermarche" width="250" height="180"></div></div><div class="swiper-slide"><div class="sp-lc-logo"><img src="http://rvafc.free.fr/wp-content/uploads/2020/07/logo-leclarc.jpg" alt="Leclerc" width="250" height="180"></div></div><div class="swiper-slide"><div class="sp-lc-logo"><img src="http://rvafc.free.fr/wp-content/uploads/2020/07/logo-toyota.jpg" alt="Toyota" width="250" height="180"></div></div><div class="swiper-slide"><div class="sp-lc-logo"><img src="http://rvafc.free.fr/wp-content/uploads/2020/07/logo-art-carrelage.jpg" alt="ArtCarrelage" width="250" height="180"></div></div></div><div class="sp-lc-pagination swiper-pagination dots"></div><div class="sp-lc-button-next"><i class="fa fa-angle-right"></i></div><div class="sp-lc-button-prev"><i class="fa fa-angle-left"></i></div></div></div></p>



<div class="wp-block-columns">
<div class="wp-block-column" style="flex-basis:25%">
<h4 class="has-text-align-center">Equipe première</h4>


<p><script src="https://cdnjs.cloudflare.com/ajax/libs/iframe-resizer/3.5.5/iframeResizer.min.js"></script><script>if(!window._rsz){window._rsz=function(){var i=iFrameResize({checkOrigin:false,interval:100});};if(document.readyState!="loading"){_rsz()}else{document.addEventListener("DOMContentLoaded",_rsz)}}</script><iframe id="5f9ad63a00a5103e14e4a863" src="https://scorenco.com/widget/5f9ad63a00a5103e14e4a863/?auto_height=true" style="display: block; width: 100%; overflow: auto; margin: auto; border-width: 0px;" scrolling="no"></iframe><a style="font-size:11px" target="_blank" href="https://scorenco.com/football/clubs/royan-vaux-atlantique-fc/" rel="noopener noreferrer">Royan Vaux Atlantique FC sur Score&#8217;n&#8217;co</a></p>
</div>



<div class="wp-block-column" style="flex-basis:50%"><ul class="wp-block-latest-posts wp-block-latest-posts__list"><li><a href="http://rvafc.free.fr/index.php/objectifs-partages-de-la-saison/">Objectifs partagés de la saison</a><div class="wp-block-latest-posts__post-excerpt">Un nouvel entraîneur et une ambition renouvelée.</div></li>
<li><a href="http://rvafc.free.fr/index.php/lagenda-sportif-du-club/">L&#8217;agenda sportif du club</a><div class="wp-block-latest-posts__post-excerpt">Saison tronquée mais&nbsp;pleinement réussie&nbsp;pour l’école de foot du RVAFC Les 20 ans de la fusion du club du Royan Vaux Atlantique Club n’auront pas lieu faute de COVID 19. Pourtant elle aurait dû être l’occasion de fêter les accessions de toutes les équipes de son école de foot au niveau régional. En effet la saison [&hellip;]</div></li>
</ul></div>



<div class="wp-block-column" style="flex-basis:25%"><p><script src="https://cdnjs.cloudflare.com/ajax/libs/iframe-resizer/3.5.5/iframeResizer.min.js"></script><script>if(!window._rsz){window._rsz=function(){var i=iFrameResize({checkOrigin:false,interval:100});};if(document.readyState!="loading"){_rsz()}else{document.addEventListener("DOMContentLoaded",_rsz)}}</script><iframe id="5f9adaca6cb2710a1e6e9c35" src="https://scorenco.com/widget/5f9adaca6cb2710a1e6e9c35/?auto_height=true" style="display: block; width: 100%; overflow: auto; margin: auto; border-width: 0px;" scrolling="no"></iframe><a style="font-size:11px" target="_blank" href="https://scorenco.com/football/clubs/royan-vaux-atlantique-fc/" rel="noopener noreferrer">Royan Vaux Atlantique FC sur Score&#8217;n&#8217;co</a></p>
</div>
</div>

<p>Equipe première</p>
